What are the prime factors of 300002844?
2, 3, 73, 342469
List the prime factors of 924482437.
924482437
What are the prime factors of 54066307?
17, 23, 53, 2609
List the prime factors of 44304880.
2, 5, 553811
List the prime factors of 4058420361.
3, 1352806787
What are the prime factors of 3642186323?
19, 157, 1220981
List the prime factors of 1011907442.
2, 7, 13, 167, 197
What are the prime factors of 68036582?
2, 34018291
What are the prime factors of 768922832?
2, 48057677
What are the prime factors of 5733501311?
17, 337264783
List the prime factors of 84320535.
3, 5, 13, 432413
List the prime factors of 2372637308.
2, 593159327
What are the prime factors of 3930677592?
2, 3, 19, 353, 24419
List the prime factors of 2675312843.
7, 29, 13178881
What are the prime factors of 2953028549?
449, 1759, 3739
List the prime factors of 558250666.
2, 19, 31, 15287
List the prime factors of 540467598.
2, 3, 11, 79, 103657
What are the prime factors of 28373416?
2, 3546677
List the prime factors of 3478839747.
3, 31, 73, 107, 4789
List the prime factors of 778354928.
2, 13, 17, 220123
List the prime factors of 2734612544.
2, 19, 118361
List the prime factors of 43378791.
3, 47, 307651
List the prime factors of 480203848.
2, 60025481
What are the prime factors of 2146754307?
3, 14033, 50993
What are the prime factors of 578329378?
2, 11, 26287699
What are the prime factors of 12846178?
2, 37, 67, 2591
List the prime factors of 93877915.
5, 3319, 5657
List the prime factors of 1238218863.
3, 7, 58962803
What are the prime factors of 139174829?
19, 199, 36809
What are the prime factors of 47312250?
2, 3, 5, 199, 317
List the prime factors of 19317082.
2, 9658541
What are the prime factors of 743245111?
7, 71, 1495463
What are the prime factors of 1739395493?
11, 23, 37, 185813
List the prime factors of 245892656.
2, 15368291
What are the prime factors of 244625946?
2, 3, 40770991
List the prime factors of 573793263.
3, 63754807
List the prime factors of 1341872518.
2, 7, 41, 59, 39623
List the prime factors of 4785914950.
2, 5, 29, 401, 8231
What are the prime factors of 53513466?
2, 3, 8918911
What are the prime factors of 636253227?
3, 59, 1198217
List the prime factors of 1403210405.
5, 280642081
What are the prime factors of 210650602?
2, 105325301
What are the prime factors of 12101918?
2, 6050959
List the prime factors of 5199205742.
2, 2599602871
What are the prime factors of 7505257322?
2, 47, 67, 487, 2447
List the prime factors of 27289306.
2, 11, 1240423
List the prime factors of 98013304.
2, 23, 73, 7297
What are the prime factors of 23161083?
3, 11, 47, 109, 137
What are the prime factors of 68169074?
2, 19, 263, 359
List the prime factors of 222042679.
83, 2675213
What are the prime factors of 37564903?
37564903
List the prime factors of 12203487.
3, 359, 1259
List the prime factors of 170029745.
5, 769, 44221
List the prime factors of 29619831.
3, 17, 61, 9521
List the prime factors of 32754885.
3, 5, 883, 2473
What are the prime factors of 7234188451?
7, 83, 1778753
What are the prime factors of 5145873080?
2, 5, 419, 307033
What are the prime factors of 137386596?
2, 3, 487, 23509
List the prime factors of 59592242.
2, 17, 59, 61, 487
What are the prime factors of 5842762194?
2, 3, 973793699
What are the prime factors of 1514478940?
2, 5, 13, 5824919
List the prime factors of 3948501817.
13, 303730909
What are the prime factors of 2699348?
2, 674837
List the prime factors of 11692158.
2, 3, 17, 79, 1451
What are the prime factors of 2657740227?
3, 5641, 157049
What are the prime factors of 121480083?
3, 719, 18773
What are the prime factors of 3311472962?
2, 7, 61, 3877603
What are the prime factors of 493451962?
2, 17, 359, 40427
List the prime factors of 585857552.
2, 7, 19, 275309
List the prime factors of 7811052.
2, 3, 19, 34259
List the prime factors of 404606349.
3, 7, 19, 338017
List the prime factors of 444061981.
11, 17, 503, 4721
What are the prime factors of 182752280?
2, 5, 79, 151, 383
List the prime factors of 3030496930.
2, 5, 421, 719833
List the prime factors of 45891259.
41, 1119299
What are the prime factors of 4347983951?
8863, 490577
List the prime factors of 52018337.
7, 37, 200843
What are the prime factors of 735892541?
283, 2600327
List the prime factors of 43961870.
2, 5, 829, 5303
List the prime factors of 46368237.
3, 15456079
What are the prime factors of 945648634?
2, 7, 23, 2936797
What are the prime factors of 121661888?
2, 859, 2213
What are the prime factors of 410612188?
2, 7, 14664721
List the prime factors of 44239714.
2, 19, 1164203
List the prime factors of 240001404.
2, 3, 43, 465119
List the prime factors of 875367107.
19, 107, 430579
List the prime factors of 513279798.
2, 3, 3181, 26893
List the prime factors of 512204957.
11, 331, 140677
List the prime factors of 5272665581.
5272665581
What are the prime factors of 1423111714?
2, 711555857
What are the prime factors of 45143066?
2, 23, 641, 1531
List the prime factors of 6557621927.
7823, 838249
List the prime factors of 90426869.
13, 23, 193, 1567
What are the prime factors of 2501742518?
2, 11, 10337779
List the prime factors of 59882000.
2, 5, 79, 379
What are the prime factors of 357937477?
23, 47, 263, 1259
What are the prime factors of 492698135?
5, 98539627
List the prime factors of 1449641827.
151, 971, 9887
What are the prime factors of 2426989485?
3, 5, 59, 2742361
List the prime factors of 1245756285.
3, 5, 27683473
List the prime factors of 33434273.
37, 67, 13487
List the prime factors of 13078353.
3, 37, 59, 1997
List the prime factors of 2264883991.
23, 98473217
List the prime factors of 200533483.
200533483
What are the prime factors of 27893637?
3, 3099293
List the prime factors of 388271298.
2, 3, 67, 109, 8861
What are the prime factors of 1131739335?
3, 5, 257, 97859
What are the prime factors of 7512808?
2, 503, 1867
What are the prime factors of 1807529332?
2, 7, 64554619
List the prime factors of 493052443.
13, 389, 97499
What are the prime factors of 4427128103?
107, 967, 42787
What are the prime factors of 98375485?
5, 13, 23, 2861
List the prime factors of 65486182.
2, 971, 33721
What are the prime factors of 909136529?
7, 19, 2017, 3389
What are the prime factors of 5427239208?
2, 3, 41, 1789, 3083
What are the prime factors of 6675176?
2, 163, 5119
What are the prime factors of 573574737?
3, 83, 2303513
What are the prime factors of 223080097?
223080097
List the prime factors of 55773185.
5, 13, 31, 89, 311
What are the prime factors of 696950600?
2, 5, 23, 127, 1193
List the prime factors of 167380835.
5, 1723, 19429
List the prime factors of 379466825.
5, 383, 39631
What are the prime factors of 102210596?
2, 17, 31, 48487
List the prime factors of 1389360.
2, 3, 5, 7, 827
List the prime factors of 270092727.
3, 30010303
List the prime factors of 766445267.
7, 41, 101, 137, 193
What are the prime factors of 135694702?
2, 11, 13, 541, 877
List the prime factors of 34929289.
4643, 7523
What are the prime factors of 455714568?
2, 3, 6329369
List the prime factors of 16244904.
2, 3, 13, 52067
List the prime factors of 68436794.
2, 47, 311, 2341
List the prime factors of 579525967.
579525967
What are the prime factors of 2160781444?
2, 11923, 45307
List the prime factors of 100580064.
2, 3, 13, 83, 971
What are the prime factors of 260495546?
2, 2857, 45589
What are the prime factors of 110654263?
233, 474911
List the prime factors of 540889313.
277, 281, 6949
List the prime factors of 147049991.
11, 151, 223, 397
What are the prime factors of 538487010?
2, 3, 5, 479, 12491
List the prime factors of 1558130945.
5, 7, 2251, 19777
List the prime factors of 447932808.
2, 3, 97, 21379
List the prime factors of 465905557.
13, 35838889
What are the prime factors of 125663876?
2, 13, 2416613
List the prime factors of 2246921737.
1579, 1423003
What are the prime factors of 2515389974?
2, 19, 251, 263723
List the prime factors of 53475878.
2, 37, 19531
List the prime factors of 12115496.
2, 1514437
What are the prime factors of 250774679?
15137, 16567
What are the prime factors of 368342626?
2, 19, 103, 94109
List the prime factors of 112003183.
1949, 57467
List the prime factors of 608278049.
4799, 126751
List the prime